emainder when c is divided by 12?
10
Let f(u) = u**3 - 3*u**2 - u + 1. Calculate the remainder when 49 is divided by f(4).
10
Let h = 8 - 6. Let i(j) = 32*j - 2. What is the remainder when i(h) is divided by 21?
20
Let i(s) = s**3 + 10*s**2 - 15*s + 11. What is the remainder when i(-11) is divided by 15?
10
Suppose 7*v = 11*v - 24. What is the remainder when 16 is divided by v?
4
Suppose r - 192 = -3*r. What is the remainder when r is divided by 14?
6
Suppose -2*b + 83 = 3*y - 23, 0 = y - 3*b - 39. What is the remainder when y is divided by 7?
1
Let f(x) = 2*x**3 - 13*x**2 + 10*x - 5. Calculate the remainder when 74 is divided by f(6).
17
Let n = 61 - 20. Suppose -23 = -3*f + 40. What is the remainder when n is divided by f?
20
Let x = 18 - 9. Suppose -q + 5 = -5*m, -3*q + 49 = -0*m + 2*m. What is the remainder when q is divided by x?
6
Let c be (-2)/(0/1 - 2). What is the remainder when 7 is divided by (-2)/c*(0 - 2)?
3
Suppose 3*d = -6, 0 = -3*q - 0*q + 2*d + 52. Calculate the remainder when q is divided by 9.
7
What is the remainder when 90 is divided by -36*(6/18 - 1)?
18
Let a(k) = 2*k + k + 3 - k. Suppose 42 = 3*d + 15. Calculate the remainder when a(11) is divided by d.
7
Suppose 7*p = 2*p + 55. Suppose 5*m = 19 + p. Suppose -d + 0*s = -4*s + m, d = -5*s + 21. Calculate the remainder when 9 is divided by d.
3
Let w(l) = 32*l - 19. Calculate the remainder when w(5) is divided by 29.
25
Let d(f) = -f**2 - 9*f + 19. Let p be ((-3)/(-3))/((-3)/24). What is the remainder when d(p) is divided by 7?
6
Suppose 3*q - 3*n = -42, 44 = -3*q + n - 0. Calculate the remainder when ((-34)/3)/(5/q) is divided by 6.
4
Suppose 2*p + 36 = 4*y - 66, y - 3*p = 33. What is the remainder when y is divided by 14?
10
Let b(y) = y**2 - 3*y - 2. Suppose -2*t = -t + 1. Let q be 10/6*(-3)/t. Calculate the remainder when 14 is divided by b(q).
6
Let c = 7 - 0. Suppose -54 = -5*u + 2*u. What is the remainder when u is divided by c?
4
Let s(k) = k**3 - 6*k**2 - 4*k - 3. Let f be s(8). Suppose 0 = 3*m - 0*m - f. What is the remainder when m is divided by 11?
9
What is the remainder when 372/11 + (40/(-22) - -2) is divided by 9?
7
Let j be 2 - (0 + 12 + 0). Let u = j + 33. Suppose 2*q + k = u, 5*q + 2*k = 6*k + 38. Calculate the remainder when 19 is divided by q.
9
Let w(r) = 10*r**3 - 2*r**2 + 2*r - 1. Suppose 5*s - 5*b = 35, 3*s = s + 5*b + 26. Suppose -35 = -s*h + 37. What is the remainder when h is divided by w(1)?
6
Let u(k) = -5 + 6 - k - 6*k**2 + 2*k**3 + 4*k**2 + 0*k**3. What is the remainder when 11 is divided by u(2)?
4
Let g(r) = 13*r**3 - 1. Let k be g(-1). Let d = -7 - k. What is the remainder when 11 is divided by d?
4
Let j(c) = -c + 1. Calculate the remainder when 102 is divided by j(-14).
12
Suppose -4*x - 3*v = -73, v + 3*v = 5*x - 99. Calculate the remainder when x is divided by 4.
3
What is the remainder when (-5)/(((-9)/15)/3) is divided by 0 + 1 - -1*12?
12
Suppose -5*l - 16 = 4. Suppose 4 = a - 6. Calculate the remainder when a is divided by (-2)/((-1 - -3)/l).
2
Suppose 0*r + 135 = -3*r. Let j = r - -22. Let m = -11 - j. What is the remainder when 22 is divided by m?
10
Suppose 44 = 5*b + 4*c, 2*b - 7*b - c = -41. Suppose 16 = 4*d - b. Suppose -2*j + 5 = f, -10 = 4*j + d. What is the remainder when 38 is divided by f?
12
Suppose 0*f = r - 2*f - 3, -23 = 4*r - f. Let l = r + 27. Calculate the remainder when l is divided by 7.
6
Let j = 37 + -26. Let d(w) be the third derivative of -w**6/120 + w**5/60 - w**4/24 + 31*w**3/6 + 2*w**2. Calculate the remainder when d(0) is divided by j.
9
Suppose 0 = a - 3*a + 4*c + 28, 3*c - 39 = -a. Calculate the remainder when a is divided by 9.
6
Suppose -1 - 9 = 5*y. Calculate the remainder when 63/y*4/(-3) is divided by 11.
9
Suppose 3*r + 22 + 22 = 5*s, 5*s - 38 = r. Suppose 5*p - 3*p = 12. Let d = s + p. Calculate the remainder when d is divided by 5.
3
Let g(i) = 7*i - 25. Let f(m) = -6*m + 26. Let k(d) = 6*f(d) + 5*g(d). Calculate the remainder when k(0) is divided by 16.
15
Let b(r) = r**3 - 10*r**2 + 10*r + 1. Let y be 2/4*2*-1. Let z be (y - 0)*(-10 + 1). Calculate the remainder when 19 is divided by b(z).
9
Suppose 4*k + 373 - 1029 = 4*c, -4*k + 636 = c. What is the remainder when k/24*(1 - -2) is divided by 11?
9
Suppose -2*c - 24 = -5*c. What is the remainder when (-2)/3 + 284/12 is divided by c?
7
Let j(k) = -2*k**2 + 12*k + 4. What is the remainder when 7 + 2/(1*-2) is divided by j(6)?
2
Suppose 6*l = 8*l - 38. Calculate the remainder when 35 is divided by l.
16
Suppose 8 = -4*n + 3*w - w, -w + 4 = 0. Let p(o) = -o**2 - 1. Let h be p(n). What is the remainder when 59 is divided by (0 - -3)/(h/(-5))?
14
Let t(g) = -g + 2. Let z be t(-4). Calculate the remainder when (-69)/(-92) + 114/8 is divided by (z/(-4))/((-6)/32).
7
Let x(c) = c**2 - c + 6. Calculate the remainder when 11 is divided by x(0).
5
Let q(c) = 2*c + 7. What is the remainder when 46 is divided by q(3)?
7
Let w(d) = d**3 + 3*d**2 + 2*d + 1. Let c be w(-2). Let b(n) = 19*n**3. Let v be b(c). Suppose -2 - v = -l. What is the remainder when l is divided by 8?
5
Let i be (0 + -5)*(-24)/(-20). Calculate the remainder when i*6/(-4)*1 is divided by 4.
1
Suppose 0 = 4*c + 18 - 78. Let x = c - 12. What is the remainder when 5 is divided by x?
2
Let l = -5 + 5. Suppose -3*z - 4*b + 163 = -l*b, 2*b = -5*z + 295. Calculate the remainder when z is divided by 21.
19
Suppose v = 4*a - 15, 10 = a - 0*a + v. Let y(i) = i**3 + 3*i**2 + 3. Let q be y(-3). What is the remainder when a is divided by (-2 + 6)/(5 - q)?
1
Suppose 0 = -4*o - 5*g - 15, o + o = -g - 3. Suppose -3*b - 2*b - 75 = o. What is the remainder when 37 is divided by (-4 + 1)*65/b?
11
Let q(f) = 16*f + 1. Let m = 16 - 11. Suppose 4*h - 28 = m*a, 2*h - 5*h + 4*a + 22 = 0. What is the remainder when q(h) is divided by 9?
6
Let l(u) = -2*u**2 + 2 + 6*u**2 + u**2 - 1. Calculate the remainder when 11 is divided by l(1).
5
Let z be ((-9)/(-6))/(1/2). Suppose 10 + z = f. Suppose -3*u - 7 = -4*u. Calculate the remainder when f is divided by u.
6
Suppose 4*y + 3 = 19. Suppose -3*a + 3*i + 42 = i, -y*a + i = -61. What is the remainder when a is divided by 6?
4
Suppose v - 5*u - 63 = 0, -4*v + 178 = -5*u - 29. Calculate the remainder when v is divided by 25.
23
Suppose -9 = -x + 2*g, 5*x - 37 = 2*x + g. What is the remainder when x is divided by 7 + -2 + (1 - -1)?
6
Let n = -13 - -34. What is the remainder when 62 is divided by n?
20
Calculate the remainder when 115 is divided by (-26)/65*(-590)/4.
56
Let u = -1 + 4. Suppose -u*n + 20 = 2*n. What is the remainder when 10 is divided by n?
2
Let r(k) = -k**3 - 2*k**2 + 3*k + 4. What is the remainder when 10 is divided by r(-3)?
2
Let f(s) = 2*s - 11. What is the remainder when 6 is divided by f(7)?
0
Let o(h) = -h - 5. Let a be o(4). Let u(p) = -2*p - 13. Let s(c) = -c**3 - 4*c**2 + 2*c - 6. What is the remainder when s(-5) is divided by u(a)?
4
Suppose 2*q + 3*q - 15 = 0. Suppose 0 = -2*x + 5*r + 5 + 7, 2*x - q*r - 20 = 0. What is the remainder when 46 is divided by x?
14
Suppose -t = -5*t + 88. Calculate the remainder when 81 is divided by t.
15
Let x(r) = 5*r**2 - 3*r + 3. What is the remainder when 31 is divided by x(2)?
14
Let g(o) = o**3 + 1 - 8*o**2 + 3 - 3 - 2*o + 12*o**2. Let s(c) = 3*c + 8. Calculate the remainder when s(6) is divided by g(-4).
8
Suppose -2*l = 2*q - l - 6, 0 = 5*l + 10. Let y = 31 - 17. What is the remainder when y is divided by (10/q)/((-2)/(-4))?
4
Let h(w) = -2*w. Let q be h(-1). Suppose q*f = 4*f - 36. Calculate the remainder when f is divided by 10.
8
Suppose -3*c = 2*c - 5*x - 35, -4*c + 58 = 2*x. Let n = -3 - -10. Calculate the remainder when c is divided by n.
5
Suppose 0*m = 4*m - 404. Suppose -3*z - 35 = -u, 4*u = 6*z - 3*z + 113. What is the remainder when m is divided by u?
23
Let w be 5 + -8 - (-3 - -1). Calculate the remainder when (w - -58) + (2 - 1) is divided by 15.
13
Let f be 1/2*-2 + 19. Suppose -u + f = -0*u. Calculate the remainder when 34 is divided by u/4*2 - 0.
7
Suppose -3*f - 2*f + 130 = 0. Calculate the remainder when 51 is divided by f.
25
Suppose 2*r = -2*y + 144, y + 4*r - 357 = -4*y. Calculate the remainder when y is divided by 18.
15
Let s(c) = 0*c + 3*c - 2*c + 4. What is the remainder whe